{"id":6055,"date":"2024-08-20T21:55:29","date_gmt":"2024-08-20T21:55:29","guid":{"rendered":"https:\/\/desarrollosmoyan.com\/comercializadora\/?post_type=product&#038;p=6055"},"modified":"2024-08-23T20:28:30","modified_gmt":"2024-08-23T20:28:30","slug":"piedra-natural","status":"publish","type":"product","link":"https:\/\/comercializadoracrv.com\/?product=piedra-natural","title":{"rendered":"PIEDRA NATURAL m2"},"content":{"rendered":"<p>La piedra natural es un material vers\u00e1til y elegante que aporta un toque de sofisticaci\u00f3n y durabilidad a cualquier espacio, ya sea en interiores o exteriores.<\/p>\n<p>CARACTER\u00cdSTICAS:<\/p>\n<p>Estilo Natural: Ofrece una apariencia org\u00e1nica y atemporal, adapt\u00e1ndose a diversos estilos arquitect\u00f3nicos y paisaj\u00edsticos, desde r\u00fasticos hasta modernos.<\/p>\n<p>Variedad de Colores y Texturas: Desde colores neutros y suaves hasta tonos vibrantes y patrones complejos, permitiendo una amplia gama de opciones decorativas.<\/p>\n<p>Adaptabilidad: Se puede cortar y adaptar a diferentes formas y tama\u00f1os, proporcionando flexibilidad en el dise\u00f1o.<\/p>\n","protected":false},"excerpt":{"rendered":"<p>La piedra natural es un material vers\u00e1til y elegante que aporta un toque de sofisticaci\u00f3n y durabilidad a cualquier espacio, ya sea en interiores o exteriores. CARACTER\u00cdSTICAS: Estilo Natural: Ofrece una apariencia org\u00e1nica y atemporal, adapt\u00e1ndose a diversos estilos arquitect\u00f3nicos y paisaj\u00edsticos, desde r\u00fasticos hasta modernos. Variedad de Colores y Texturas: Desde colores neutros y<\/p>\n<div class=\"klb-readmore button\"><a class=\"btn link\" href=\"https:\/\/comercializadoracrv.com\/?product=piedra-natural\">Read More <i class=\"klbth-icon-right-arrow\"><\/i><\/a><\/div>\n","protected":false},"featured_media":6130,"comment_status":"open","ping_status":"closed","template":"","meta":{"_joinchat":[]},"product_cat":[182,252],"product_tag":[],"class_list":{"0":"post-6055","1":"product","2":"type-product","3":"status-publish","4":"has-post-thumbnail","6":"product_cat-enchapes","7":"product_cat-fachada","9":"first","10":"instock","11":"shipping-taxable","12":"purchasable","13":"product-type-simple"},"yoast_head":"<!-- This site is optimized with the Yoast SEO Premium plugin v22.7 (Yoast SEO v23.3) - https:\/\/yoast.com\/wordpress\/plugins\/seo\/ -->\n<title>PIEDRA NATURAL m2 - CRV Comercializadora<\/title>\n<meta name=\"robots\" content=\"index, follow, max-snippet:-1, max-image-preview:large, max-video-preview:-1\" \/>\n<link rel=\"canonical\" href=\"https:\/\/comercializadoracrv.com\/?product=piedra-natural\" \/>\n<meta property=\"og:locale\" content=\"es_ES\" \/>\n<meta property=\"og:type\" content=\"article\" \/>\n<meta property=\"og:title\" content=\"PIEDRA NATURAL m2\" \/>\n<meta property=\"og:description\" content=\"La piedra natural es un material vers\u00e1til y elegante que aporta un toque de sofisticaci\u00f3n y durabilidad a cualquier espacio, ya sea en interiores o exteriores. CARACTER\u00cdSTICAS: Estilo Natural: Ofrece una apariencia org\u00e1nica y atemporal, adapt\u00e1ndose a diversos estilos arquitect\u00f3nicos y paisaj\u00edsticos, desde r\u00fasticos hasta modernos. Variedad de Colores y Texturas: Desde colores neutros yRead More\" \/>\n<meta property=\"og:url\" content=\"https:\/\/comercializadoracrv.com\/?product=piedra-natural\" \/>\n<meta property=\"og:site_name\" content=\"CRV Comercializadora\" \/>\n<meta property=\"article:modified_time\" content=\"2024-08-23T20:28:30+00:00\" \/>\n<meta property=\"og:image\" content=\"https:\/\/comercializadoracrv.com\/wp-content\/uploads\/2024\/08\/\u00b4piedra-natural.jpg\" \/>\n\t<meta property=\"og:image:width\" content=\"564\" \/>\n\t<meta property=\"og:image:height\" content=\"846\" \/>\n\t<meta property=\"og:image:type\" content=\"image\/jpeg\" \/>\n<meta name=\"twitter:card\" content=\"summary_large_image\" \/>\n<meta name=\"twitter:label1\" content=\"Est. reading time\" \/>\n\t<meta name=\"twitter:data1\" content=\"1 minuto\" \/>\n<script type=\"application\/ld+json\" class=\"yoast-schema-graph\">{\"@context\":\"https:\/\/schema.org\",\"@graph\":[{\"@type\":\"WebPage\",\"@id\":\"https:\/\/comercializadoracrv.com\/?product=piedra-natural\",\"url\":\"https:\/\/comercializadoracrv.com\/?product=piedra-natural\",\"name\":\"PIEDRA NATURAL m2 - CRV Comercializadora\",\"isPartOf\":{\"@id\":\"https:\/\/comercializadoracrv.com\/#website\"},\"primaryImageOfPage\":{\"@id\":\"https:\/\/comercializadoracrv.com\/?product=piedra-natural#primaryimage\"},\"image\":{\"@id\":\"https:\/\/comercializadoracrv.com\/?product=piedra-natural#primaryimage\"},\"thumbnailUrl\":\"https:\/\/comercializadoracrv.com\/wp-content\/uploads\/2024\/08\/\u00b4piedra-natural.jpg\",\"datePublished\":\"2024-08-20T21:55:29+00:00\",\"dateModified\":\"2024-08-23T20:28:30+00:00\",\"breadcrumb\":{\"@id\":\"https:\/\/comercializadoracrv.com\/?product=piedra-natural#breadcrumb\"},\"inLanguage\":\"es\",\"potentialAction\":[{\"@type\":\"ReadAction\",\"target\":[\"https:\/\/comercializadoracrv.com\/?product=piedra-natural\"]}]},{\"@type\":\"ImageObject\",\"inLanguage\":\"es\",\"@id\":\"https:\/\/comercializadoracrv.com\/?product=piedra-natural#primaryimage\",\"url\":\"https:\/\/comercializadoracrv.com\/wp-content\/uploads\/2024\/08\/\u00b4piedra-natural.jpg\",\"contentUrl\":\"https:\/\/comercializadoracrv.com\/wp-content\/uploads\/2024\/08\/\u00b4piedra-natural.jpg\",\"width\":564,\"height\":846},{\"@type\":\"BreadcrumbList\",\"@id\":\"https:\/\/comercializadoracrv.com\/?product=piedra-natural#breadcrumb\",\"itemListElement\":[{\"@type\":\"ListItem\",\"position\":1,\"name\":\"Portada\",\"item\":\"https:\/\/comercializadoracrv.com\/\"},{\"@type\":\"ListItem\",\"position\":2,\"name\":\"Shop\",\"item\":\"https:\/\/comercializadoracrv.com\/?page_id=8\"},{\"@type\":\"ListItem\",\"position\":3,\"name\":\"PIEDRA NATURAL m2\"}]},{\"@type\":\"WebSite\",\"@id\":\"https:\/\/comercializadoracrv.com\/#website\",\"url\":\"https:\/\/comercializadoracrv.com\/\",\"name\":\"CRV Comercializadora\",\"description\":\"Comercializadora\",\"potentialAction\":[{\"@type\":\"SearchAction\",\"target\":{\"@type\":\"EntryPoint\",\"urlTemplate\":\"https:\/\/comercializadoracrv.com\/?s={search_term_string}\"},\"query-input\":\"required name=search_term_string\"}],\"inLanguage\":\"es\"}]}<\/script>\n<!-- \/ Yoast SEO Premium plugin. -->","yoast_head_json":{"title":"PIEDRA NATURAL m2 - CRV Comercializadora","robots":{"index":"index","follow":"follow","max-snippet":"max-snippet:-1","max-image-preview":"max-image-preview:large","max-video-preview":"max-video-preview:-1"},"canonical":"https:\/\/comercializadoracrv.com\/?product=piedra-natural","og_locale":"es_ES","og_type":"article","og_title":"PIEDRA NATURAL m2","og_description":"La piedra natural es un material vers\u00e1til y elegante que aporta un toque de sofisticaci\u00f3n y durabilidad a cualquier espacio, ya sea en interiores o exteriores. CARACTER\u00cdSTICAS: Estilo Natural: Ofrece una apariencia org\u00e1nica y atemporal, adapt\u00e1ndose a diversos estilos arquitect\u00f3nicos y paisaj\u00edsticos, desde r\u00fasticos hasta modernos. Variedad de Colores y Texturas: Desde colores neutros yRead More","og_url":"https:\/\/comercializadoracrv.com\/?product=piedra-natural","og_site_name":"CRV Comercializadora","article_modified_time":"2024-08-23T20:28:30+00:00","og_image":[{"width":564,"height":846,"url":"https:\/\/comercializadoracrv.com\/wp-content\/uploads\/2024\/08\/\u00b4piedra-natural.jpg","type":"image\/jpeg"}],"twitter_card":"summary_large_image","twitter_misc":{"Est. reading time":"1 minuto"},"schema":{"@context":"https:\/\/schema.org","@graph":[{"@type":"WebPage","@id":"https:\/\/comercializadoracrv.com\/?product=piedra-natural","url":"https:\/\/comercializadoracrv.com\/?product=piedra-natural","name":"PIEDRA NATURAL m2 - CRV Comercializadora","isPartOf":{"@id":"https:\/\/comercializadoracrv.com\/#website"},"primaryImageOfPage":{"@id":"https:\/\/comercializadoracrv.com\/?product=piedra-natural#primaryimage"},"image":{"@id":"https:\/\/comercializadoracrv.com\/?product=piedra-natural#primaryimage"},"thumbnailUrl":"https:\/\/comercializadoracrv.com\/wp-content\/uploads\/2024\/08\/\u00b4piedra-natural.jpg","datePublished":"2024-08-20T21:55:29+00:00","dateModified":"2024-08-23T20:28:30+00:00","breadcrumb":{"@id":"https:\/\/comercializadoracrv.com\/?product=piedra-natural#breadcrumb"},"inLanguage":"es","potentialAction":[{"@type":"ReadAction","target":["https:\/\/comercializadoracrv.com\/?product=piedra-natural"]}]},{"@type":"ImageObject","inLanguage":"es","@id":"https:\/\/comercializadoracrv.com\/?product=piedra-natural#primaryimage","url":"https:\/\/comercializadoracrv.com\/wp-content\/uploads\/2024\/08\/\u00b4piedra-natural.jpg","contentUrl":"https:\/\/comercializadoracrv.com\/wp-content\/uploads\/2024\/08\/\u00b4piedra-natural.jpg","width":564,"height":846},{"@type":"BreadcrumbList","@id":"https:\/\/comercializadoracrv.com\/?product=piedra-natural#breadcrumb","itemListElement":[{"@type":"ListItem","position":1,"name":"Portada","item":"https:\/\/comercializadoracrv.com\/"},{"@type":"ListItem","position":2,"name":"Shop","item":"https:\/\/comercializadoracrv.com\/?page_id=8"},{"@type":"ListItem","position":3,"name":"PIEDRA NATURAL m2"}]},{"@type":"WebSite","@id":"https:\/\/comercializadoracrv.com\/#website","url":"https:\/\/comercializadoracrv.com\/","name":"CRV Comercializadora","description":"Comercializadora","potentialAction":[{"@type":"SearchAction","target":{"@type":"EntryPoint","urlTemplate":"https:\/\/comercializadoracrv.com\/?s={search_term_string}"},"query-input":"required name=search_term_string"}],"inLanguage":"es"}]}},"_links":{"self":[{"href":"https:\/\/comercializadoracrv.com\/index.php?rest_route=\/wp\/v2\/product\/6055","targetHints":{"allow":["GET"]}}],"collection":[{"href":"https:\/\/comercializadoracrv.com\/index.php?rest_route=\/wp\/v2\/product"}],"about":[{"href":"https:\/\/comercializadoracrv.com\/index.php?rest_route=\/wp\/v2\/types\/product"}],"replies":[{"embeddable":true,"href":"https:\/\/comercializadoracrv.com\/index.php?rest_route=%2Fwp%2Fv2%2Fcomments&post=6055"}],"version-history":[{"count":3,"href":"https:\/\/comercializadoracrv.com\/index.php?rest_route=\/wp\/v2\/product\/6055\/revisions"}],"predecessor-version":[{"id":6141,"href":"https:\/\/comercializadoracrv.com\/index.php?rest_route=\/wp\/v2\/product\/6055\/revisions\/6141"}],"wp:featuredmedia":[{"embeddable":true,"href":"https:\/\/comercializadoracrv.com\/index.php?rest_route=\/wp\/v2\/media\/6130"}],"wp:attachment":[{"href":"https:\/\/comercializadoracrv.com\/index.php?rest_route=%2Fwp%2Fv2%2Fmedia&parent=6055"}],"wp:term":[{"taxonomy":"product_cat","embeddable":true,"href":"https:\/\/comercializadoracrv.com\/index.php?rest_route=%2Fwp%2Fv2%2Fproduct_cat&post=6055"},{"taxonomy":"product_tag","embeddable":true,"href":"https:\/\/comercializadoracrv.com\/index.php?rest_route=%2Fwp%2Fv2%2Fproduct_tag&post=6055"}],"curies":[{"name":"wp","href":"https:\/\/api.w.org\/{rel}","templated":true}]}}