{"id":6051,"date":"2024-08-20T21:48:26","date_gmt":"2024-08-20T21:48:26","guid":{"rendered":"https:\/\/desarrollosmoyan.com\/comercializadora\/?post_type=product&#038;p=6051"},"modified":"2024-08-23T19:53:53","modified_gmt":"2024-08-23T19:53:53","slug":"porcelanato-estilo-madera","status":"publish","type":"product","link":"https:\/\/comercializadoracrv.com\/?product=porcelanato-estilo-madera","title":{"rendered":"PORCELANATO ESTILO MADERA m2"},"content":{"rendered":"<p>Este elegante piso de porcelanato imita a la perfecci\u00f3n la belleza de la madera natural, combinando el encanto cl\u00e1sico con la durabilidad y facilidad de mantenimiento del porcelanato.<\/p>\n<p>Durabilidad: A diferencia de la madera real, este porcelanato es altamente resistente a la humedad, manchas y desgaste. Su superficie es duradera y f\u00e1cil de limpiar, lo que lo convierte en una opci\u00f3n ideal para \u00e1reas de alto tr\u00e1fico y ambientes h\u00famedos.<\/p>\n<p>Apariencia Natural: El dise\u00f1o en porcelanato presenta vetas y texturas que replican fielmente la madera aut\u00e9ntica. Los acabados var\u00edan desde tonos claros y c\u00e1lidos hasta oscuros y profundos, permitiendo una amplia gama de opciones para complementar diferentes estilos de decoraci\u00f3n.<\/p>\n<p>Resistencia a la Humedad: Ideal para \u00e1reas con alta humedad como cocinas y ba\u00f1os, ya que no se deforma ni se deteriora con el agua.<\/p>\n","protected":false},"excerpt":{"rendered":"<p>Este elegante piso de porcelanato imita a la perfecci\u00f3n la belleza de la madera natural, combinando el encanto cl\u00e1sico con la durabilidad y facilidad de mantenimiento del porcelanato. Durabilidad: A diferencia de la madera real, este porcelanato es altamente resistente a la humedad, manchas y desgaste. Su superficie es duradera y f\u00e1cil de limpiar, lo<\/p>\n<div class=\"klb-readmore button\"><a class=\"btn link\" href=\"https:\/\/comercializadoracrv.com\/?product=porcelanato-estilo-madera\">Read More <i class=\"klbth-icon-right-arrow\"><\/i><\/a><\/div>\n","protected":false},"featured_media":6129,"comment_status":"open","ping_status":"closed","template":"","meta":{"_joinchat":[]},"product_cat":[227,182],"product_tag":[],"class_list":{"0":"post-6051","1":"product","2":"type-product","3":"status-publish","4":"has-post-thumbnail","6":"product_cat-bano","7":"product_cat-enchapes","9":"first","10":"instock","11":"shipping-taxable","12":"purchasable","13":"product-type-simple"},"yoast_head":"<!-- This site is optimized with the Yoast SEO Premium plugin v22.7 (Yoast SEO v23.3) - https:\/\/yoast.com\/wordpress\/plugins\/seo\/ -->\n<title>PORCELANATO ESTILO MADERA m2 - CRV Comercializadora<\/title>\n<meta name=\"robots\" content=\"index, follow, max-snippet:-1, max-image-preview:large, max-video-preview:-1\" \/>\n<link rel=\"canonical\" href=\"https:\/\/comercializadoracrv.com\/?product=porcelanato-estilo-madera\" \/>\n<meta property=\"og:locale\" content=\"es_ES\" \/>\n<meta property=\"og:type\" content=\"article\" \/>\n<meta property=\"og:title\" content=\"PORCELANATO ESTILO MADERA m2\" \/>\n<meta property=\"og:description\" content=\"Este elegante piso de porcelanato imita a la perfecci\u00f3n la belleza de la madera natural, combinando el encanto cl\u00e1sico con la durabilidad y facilidad de mantenimiento del porcelanato. Durabilidad: A diferencia de la madera real, este porcelanato es altamente resistente a la humedad, manchas y desgaste. Su superficie es duradera y f\u00e1cil de limpiar, loRead More\" \/>\n<meta property=\"og:url\" content=\"https:\/\/comercializadoracrv.com\/?product=porcelanato-estilo-madera\" \/>\n<meta property=\"og:site_name\" content=\"CRV Comercializadora\" \/>\n<meta property=\"article:modified_time\" content=\"2024-08-23T19:53:53+00:00\" \/>\n<meta property=\"og:image\" content=\"https:\/\/comercializadoracrv.com\/wp-content\/uploads\/2024\/08\/94bba1cb03796586cb37a40b1e4f4f48.jpg\" \/>\n\t<meta property=\"og:image:width\" content=\"564\" \/>\n\t<meta property=\"og:image:height\" content=\"787\" \/>\n\t<meta property=\"og:image:type\" content=\"image\/jpeg\" \/>\n<meta name=\"twitter:card\" content=\"summary_large_image\" \/>\n<meta name=\"twitter:label1\" content=\"Est. reading time\" \/>\n\t<meta name=\"twitter:data1\" content=\"1 minuto\" \/>\n<script type=\"application\/ld+json\" class=\"yoast-schema-graph\">{\"@context\":\"https:\/\/schema.org\",\"@graph\":[{\"@type\":\"WebPage\",\"@id\":\"https:\/\/comercializadoracrv.com\/?product=porcelanato-estilo-madera\",\"url\":\"https:\/\/comercializadoracrv.com\/?product=porcelanato-estilo-madera\",\"name\":\"PORCELANATO ESTILO MADERA m2 - CRV Comercializadora\",\"isPartOf\":{\"@id\":\"https:\/\/comercializadoracrv.com\/#website\"},\"primaryImageOfPage\":{\"@id\":\"https:\/\/comercializadoracrv.com\/?product=porcelanato-estilo-madera#primaryimage\"},\"image\":{\"@id\":\"https:\/\/comercializadoracrv.com\/?product=porcelanato-estilo-madera#primaryimage\"},\"thumbnailUrl\":\"https:\/\/comercializadoracrv.com\/wp-content\/uploads\/2024\/08\/94bba1cb03796586cb37a40b1e4f4f48.jpg\",\"datePublished\":\"2024-08-20T21:48:26+00:00\",\"dateModified\":\"2024-08-23T19:53:53+00:00\",\"breadcrumb\":{\"@id\":\"https:\/\/comercializadoracrv.com\/?product=porcelanato-estilo-madera#breadcrumb\"},\"inLanguage\":\"es\",\"potentialAction\":[{\"@type\":\"ReadAction\",\"target\":[\"https:\/\/comercializadoracrv.com\/?product=porcelanato-estilo-madera\"]}]},{\"@type\":\"ImageObject\",\"inLanguage\":\"es\",\"@id\":\"https:\/\/comercializadoracrv.com\/?product=porcelanato-estilo-madera#primaryimage\",\"url\":\"https:\/\/comercializadoracrv.com\/wp-content\/uploads\/2024\/08\/94bba1cb03796586cb37a40b1e4f4f48.jpg\",\"contentUrl\":\"https:\/\/comercializadoracrv.com\/wp-content\/uploads\/2024\/08\/94bba1cb03796586cb37a40b1e4f4f48.jpg\",\"width\":564,\"height\":787},{\"@type\":\"BreadcrumbList\",\"@id\":\"https:\/\/comercializadoracrv.com\/?product=porcelanato-estilo-madera#breadcrumb\",\"itemListElement\":[{\"@type\":\"ListItem\",\"position\":1,\"name\":\"Portada\",\"item\":\"https:\/\/comercializadoracrv.com\/\"},{\"@type\":\"ListItem\",\"position\":2,\"name\":\"Shop\",\"item\":\"https:\/\/comercializadoracrv.com\/?page_id=8\"},{\"@type\":\"ListItem\",\"position\":3,\"name\":\"PORCELANATO ESTILO MADERA m2\"}]},{\"@type\":\"WebSite\",\"@id\":\"https:\/\/comercializadoracrv.com\/#website\",\"url\":\"https:\/\/comercializadoracrv.com\/\",\"name\":\"CRV Comercializadora\",\"description\":\"Comercializadora\",\"potentialAction\":[{\"@type\":\"SearchAction\",\"target\":{\"@type\":\"EntryPoint\",\"urlTemplate\":\"https:\/\/comercializadoracrv.com\/?s={search_term_string}\"},\"query-input\":\"required name=search_term_string\"}],\"inLanguage\":\"es\"}]}<\/script>\n<!-- \/ Yoast SEO Premium plugin. -->","yoast_head_json":{"title":"PORCELANATO ESTILO MADERA m2 - CRV Comercializadora","robots":{"index":"index","follow":"follow","max-snippet":"max-snippet:-1","max-image-preview":"max-image-preview:large","max-video-preview":"max-video-preview:-1"},"canonical":"https:\/\/comercializadoracrv.com\/?product=porcelanato-estilo-madera","og_locale":"es_ES","og_type":"article","og_title":"PORCELANATO ESTILO MADERA m2","og_description":"Este elegante piso de porcelanato imita a la perfecci\u00f3n la belleza de la madera natural, combinando el encanto cl\u00e1sico con la durabilidad y facilidad de mantenimiento del porcelanato. Durabilidad: A diferencia de la madera real, este porcelanato es altamente resistente a la humedad, manchas y desgaste. Su superficie es duradera y f\u00e1cil de limpiar, loRead More","og_url":"https:\/\/comercializadoracrv.com\/?product=porcelanato-estilo-madera","og_site_name":"CRV Comercializadora","article_modified_time":"2024-08-23T19:53:53+00:00","og_image":[{"width":564,"height":787,"url":"https:\/\/comercializadoracrv.com\/wp-content\/uploads\/2024\/08\/94bba1cb03796586cb37a40b1e4f4f48.jpg","type":"image\/jpeg"}],"twitter_card":"summary_large_image","twitter_misc":{"Est. reading time":"1 minuto"},"schema":{"@context":"https:\/\/schema.org","@graph":[{"@type":"WebPage","@id":"https:\/\/comercializadoracrv.com\/?product=porcelanato-estilo-madera","url":"https:\/\/comercializadoracrv.com\/?product=porcelanato-estilo-madera","name":"PORCELANATO ESTILO MADERA m2 - CRV Comercializadora","isPartOf":{"@id":"https:\/\/comercializadoracrv.com\/#website"},"primaryImageOfPage":{"@id":"https:\/\/comercializadoracrv.com\/?product=porcelanato-estilo-madera#primaryimage"},"image":{"@id":"https:\/\/comercializadoracrv.com\/?product=porcelanato-estilo-madera#primaryimage"},"thumbnailUrl":"https:\/\/comercializadoracrv.com\/wp-content\/uploads\/2024\/08\/94bba1cb03796586cb37a40b1e4f4f48.jpg","datePublished":"2024-08-20T21:48:26+00:00","dateModified":"2024-08-23T19:53:53+00:00","breadcrumb":{"@id":"https:\/\/comercializadoracrv.com\/?product=porcelanato-estilo-madera#breadcrumb"},"inLanguage":"es","potentialAction":[{"@type":"ReadAction","target":["https:\/\/comercializadoracrv.com\/?product=porcelanato-estilo-madera"]}]},{"@type":"ImageObject","inLanguage":"es","@id":"https:\/\/comercializadoracrv.com\/?product=porcelanato-estilo-madera#primaryimage","url":"https:\/\/comercializadoracrv.com\/wp-content\/uploads\/2024\/08\/94bba1cb03796586cb37a40b1e4f4f48.jpg","contentUrl":"https:\/\/comercializadoracrv.com\/wp-content\/uploads\/2024\/08\/94bba1cb03796586cb37a40b1e4f4f48.jpg","width":564,"height":787},{"@type":"BreadcrumbList","@id":"https:\/\/comercializadoracrv.com\/?product=porcelanato-estilo-madera#breadcrumb","itemListElement":[{"@type":"ListItem","position":1,"name":"Portada","item":"https:\/\/comercializadoracrv.com\/"},{"@type":"ListItem","position":2,"name":"Shop","item":"https:\/\/comercializadoracrv.com\/?page_id=8"},{"@type":"ListItem","position":3,"name":"PORCELANATO ESTILO MADERA m2"}]},{"@type":"WebSite","@id":"https:\/\/comercializadoracrv.com\/#website","url":"https:\/\/comercializadoracrv.com\/","name":"CRV Comercializadora","description":"Comercializadora","potentialAction":[{"@type":"SearchAction","target":{"@type":"EntryPoint","urlTemplate":"https:\/\/comercializadoracrv.com\/?s={search_term_string}"},"query-input":"required name=search_term_string"}],"inLanguage":"es"}]}},"_links":{"self":[{"href":"https:\/\/comercializadoracrv.com\/index.php?rest_route=\/wp\/v2\/product\/6051","targetHints":{"allow":["GET"]}}],"collection":[{"href":"https:\/\/comercializadoracrv.com\/index.php?rest_route=\/wp\/v2\/product"}],"about":[{"href":"https:\/\/comercializadoracrv.com\/index.php?rest_route=\/wp\/v2\/types\/product"}],"replies":[{"embeddable":true,"href":"https:\/\/comercializadoracrv.com\/index.php?rest_route=%2Fwp%2Fv2%2Fcomments&post=6051"}],"version-history":[{"count":2,"href":"https:\/\/comercializadoracrv.com\/index.php?rest_route=\/wp\/v2\/product\/6051\/revisions"}],"predecessor-version":[{"id":6095,"href":"https:\/\/comercializadoracrv.com\/index.php?rest_route=\/wp\/v2\/product\/6051\/revisions\/6095"}],"wp:featuredmedia":[{"embeddable":true,"href":"https:\/\/comercializadoracrv.com\/index.php?rest_route=\/wp\/v2\/media\/6129"}],"wp:attachment":[{"href":"https:\/\/comercializadoracrv.com\/index.php?rest_route=%2Fwp%2Fv2%2Fmedia&parent=6051"}],"wp:term":[{"taxonomy":"product_cat","embeddable":true,"href":"https:\/\/comercializadoracrv.com\/index.php?rest_route=%2Fwp%2Fv2%2Fproduct_cat&post=6051"},{"taxonomy":"product_tag","embeddable":true,"href":"https:\/\/comercializadoracrv.com\/index.php?rest_route=%2Fwp%2Fv2%2Fproduct_tag&post=6051"}],"curies":[{"name":"wp","href":"https:\/\/api.w.org\/{rel}","templated":true}]}}