{"id":5674,"date":"2024-06-29T17:05:05","date_gmt":"2024-06-29T17:05:05","guid":{"rendered":"https:\/\/desarrollosmoyan.com\/comercializadora\/?post_type=product&#038;p=5674"},"modified":"2024-08-22T22:55:12","modified_gmt":"2024-08-22T22:55:12","slug":"azulejo-ceramico-naturalstone","status":"publish","type":"product","link":"https:\/\/comercializadoracrv.com\/?product=azulejo-ceramico-naturalstone","title":{"rendered":"MOSAICOS PISCINA TIPO BALI m2"},"content":{"rendered":"<p>El mosaico tipo Bali es una elecci\u00f3n sublime y duradera para realzar el \u00e1rea alrededor de su piscina, infundiendo un ambiente de lujo y naturalidad. Este mosaico est\u00e1 compuesto por diminutas piezas de piedra natural, como piedra de r\u00edo, piedra caliza o incluso piedra volc\u00e1nica, meticulosamente ensambladas para formar patrones y dise\u00f1os \u00fanicos. Estas piedras, seleccionadas cuidadosamente por su color, textura y forma, garantizan una apariencia singular y una resistencia excepcional a las condiciones clim\u00e1ticas y al desgaste diario.<\/p>\n<p>El proceso artesanal involucrado en la creaci\u00f3n de estos mosaicos es meticuloso y detallado. Los artesanos colocan cada piedra manualmente, asegurando que cada mosaico sea una obra de arte \u00fanica. Este enfoque no solo resalta la belleza intr\u00ednseca de las piedras naturales, sino que tambi\u00e9n a\u00f1ade un valor est\u00e9tico incomparable, convirtiendo cada pieza en un testimonio de la habilidad y dedicaci\u00f3n del artesano.<\/p>\n","protected":false},"excerpt":{"rendered":"<p><span style=\"font-weight: 400;\">Un mosaico tipo Bali para piscina es una opci\u00f3n elegante y resistente para decorar el \u00e1rea alrededor de una piscina. Este tipo de mosaico suele estar compuesto por peque\u00f1as piezas de piedra natural, como piedra de r\u00edo o piedra caliza, colocadas meticulosamente para formar un patr\u00f3n o dise\u00f1o algunas de sus caracter\u00edsticas son material natural, dise\u00f1o artesanal, est\u00e9tica tropical y relajada y el mantenimiento f\u00e1cil.<\/span><\/p>\n","protected":false},"featured_media":5813,"comment_status":"open","ping_status":"closed","template":"","meta":{"_joinchat":[]},"product_cat":[182,225,224],"product_tag":[215,219,216,218,217],"class_list":{"0":"post-5674","1":"product","2":"type-product","3":"status-publish","4":"has-post-thumbnail","6":"product_cat-enchapes","7":"product_cat-mosaicos-piscina","8":"product_cat-piscinas","9":"product_tag-azulejosceramicos","10":"product_tag-decoracioninterior","11":"product_tag-estilonatural","12":"product_tag-facilinstalacion","13":"product_tag-resistentealagua","15":"first","16":"instock","17":"shipping-taxable","18":"purchasable","19":"product-type-simple"},"yoast_head":"<!-- This site is optimized with the Yoast SEO Premium plugin v22.7 (Yoast SEO v23.3) - https:\/\/yoast.com\/wordpress\/plugins\/seo\/ -->\n<title>MOSAICOS PISCINA TIPO BALI m2 - CRV Comercializadora<\/title>\n<meta name=\"robots\" content=\"index, follow, max-snippet:-1, max-image-preview:large, max-video-preview:-1\" \/>\n<link rel=\"canonical\" href=\"https:\/\/comercializadoracrv.com\/?product=azulejo-ceramico-naturalstone\" \/>\n<meta property=\"og:locale\" content=\"es_ES\" \/>\n<meta property=\"og:type\" content=\"article\" \/>\n<meta property=\"og:title\" content=\"MOSAICOS PISCINA TIPO BALI m2\" \/>\n<meta property=\"og:description\" content=\"Un mosaico tipo Bali para piscina es una opci\u00f3n elegante y resistente para decorar el \u00e1rea alrededor de una piscina. Este tipo de mosaico suele estar compuesto por peque\u00f1as piezas de piedra natural, como piedra de r\u00edo o piedra caliza, colocadas meticulosamente para formar un patr\u00f3n o dise\u00f1o algunas de sus caracter\u00edsticas son material natural, dise\u00f1o artesanal, est\u00e9tica tropical y relajada y el mantenimiento f\u00e1cil.\" \/>\n<meta property=\"og:url\" content=\"https:\/\/comercializadoracrv.com\/?product=azulejo-ceramico-naturalstone\" \/>\n<meta property=\"og:site_name\" content=\"CRV Comercializadora\" \/>\n<meta property=\"article:modified_time\" content=\"2024-08-22T22:55:12+00:00\" \/>\n<meta property=\"og:image\" content=\"https:\/\/comercializadoracrv.com\/wp-content\/uploads\/2024\/06\/529c05a825e3aaf179a9effb90e8c969-1.jpg\" \/>\n\t<meta property=\"og:image:width\" content=\"563\" \/>\n\t<meta property=\"og:image:height\" content=\"845\" \/>\n\t<meta property=\"og:image:type\" content=\"image\/jpeg\" \/>\n<meta name=\"twitter:card\" content=\"summary_large_image\" \/>\n<meta name=\"twitter:label1\" content=\"Est. reading time\" \/>\n\t<meta name=\"twitter:data1\" content=\"1 minuto\" \/>\n<script type=\"application\/ld+json\" class=\"yoast-schema-graph\">{\"@context\":\"https:\/\/schema.org\",\"@graph\":[{\"@type\":\"WebPage\",\"@id\":\"https:\/\/comercializadoracrv.com\/?product=azulejo-ceramico-naturalstone\",\"url\":\"https:\/\/comercializadoracrv.com\/?product=azulejo-ceramico-naturalstone\",\"name\":\"MOSAICOS PISCINA TIPO BALI m2 - CRV Comercializadora\",\"isPartOf\":{\"@id\":\"https:\/\/comercializadoracrv.com\/#website\"},\"primaryImageOfPage\":{\"@id\":\"https:\/\/comercializadoracrv.com\/?product=azulejo-ceramico-naturalstone#primaryimage\"},\"image\":{\"@id\":\"https:\/\/comercializadoracrv.com\/?product=azulejo-ceramico-naturalstone#primaryimage\"},\"thumbnailUrl\":\"https:\/\/comercializadoracrv.com\/wp-content\/uploads\/2024\/06\/529c05a825e3aaf179a9effb90e8c969-1.jpg\",\"datePublished\":\"2024-06-29T17:05:05+00:00\",\"dateModified\":\"2024-08-22T22:55:12+00:00\",\"breadcrumb\":{\"@id\":\"https:\/\/comercializadoracrv.com\/?product=azulejo-ceramico-naturalstone#breadcrumb\"},\"inLanguage\":\"es\",\"potentialAction\":[{\"@type\":\"ReadAction\",\"target\":[\"https:\/\/comercializadoracrv.com\/?product=azulejo-ceramico-naturalstone\"]}]},{\"@type\":\"ImageObject\",\"inLanguage\":\"es\",\"@id\":\"https:\/\/comercializadoracrv.com\/?product=azulejo-ceramico-naturalstone#primaryimage\",\"url\":\"https:\/\/comercializadoracrv.com\/wp-content\/uploads\/2024\/06\/529c05a825e3aaf179a9effb90e8c969-1.jpg\",\"contentUrl\":\"https:\/\/comercializadoracrv.com\/wp-content\/uploads\/2024\/06\/529c05a825e3aaf179a9effb90e8c969-1.jpg\",\"width\":563,\"height\":845},{\"@type\":\"BreadcrumbList\",\"@id\":\"https:\/\/comercializadoracrv.com\/?product=azulejo-ceramico-naturalstone#breadcrumb\",\"itemListElement\":[{\"@type\":\"ListItem\",\"position\":1,\"name\":\"Portada\",\"item\":\"https:\/\/comercializadoracrv.com\/\"},{\"@type\":\"ListItem\",\"position\":2,\"name\":\"Shop\",\"item\":\"https:\/\/comercializadoracrv.com\/?page_id=8\"},{\"@type\":\"ListItem\",\"position\":3,\"name\":\"MOSAICOS PISCINA TIPO BALI m2\"}]},{\"@type\":\"WebSite\",\"@id\":\"https:\/\/comercializadoracrv.com\/#website\",\"url\":\"https:\/\/comercializadoracrv.com\/\",\"name\":\"CRV Comercializadora\",\"description\":\"Comercializadora\",\"potentialAction\":[{\"@type\":\"SearchAction\",\"target\":{\"@type\":\"EntryPoint\",\"urlTemplate\":\"https:\/\/comercializadoracrv.com\/?s={search_term_string}\"},\"query-input\":\"required name=search_term_string\"}],\"inLanguage\":\"es\"}]}<\/script>\n<!-- \/ Yoast SEO Premium plugin. -->","yoast_head_json":{"title":"MOSAICOS PISCINA TIPO BALI m2 - CRV Comercializadora","robots":{"index":"index","follow":"follow","max-snippet":"max-snippet:-1","max-image-preview":"max-image-preview:large","max-video-preview":"max-video-preview:-1"},"canonical":"https:\/\/comercializadoracrv.com\/?product=azulejo-ceramico-naturalstone","og_locale":"es_ES","og_type":"article","og_title":"MOSAICOS PISCINA TIPO BALI m2","og_description":"Un mosaico tipo Bali para piscina es una opci\u00f3n elegante y resistente para decorar el \u00e1rea alrededor de una piscina. Este tipo de mosaico suele estar compuesto por peque\u00f1as piezas de piedra natural, como piedra de r\u00edo o piedra caliza, colocadas meticulosamente para formar un patr\u00f3n o dise\u00f1o algunas de sus caracter\u00edsticas son material natural, dise\u00f1o artesanal, est\u00e9tica tropical y relajada y el mantenimiento f\u00e1cil.","og_url":"https:\/\/comercializadoracrv.com\/?product=azulejo-ceramico-naturalstone","og_site_name":"CRV Comercializadora","article_modified_time":"2024-08-22T22:55:12+00:00","og_image":[{"width":563,"height":845,"url":"https:\/\/comercializadoracrv.com\/wp-content\/uploads\/2024\/06\/529c05a825e3aaf179a9effb90e8c969-1.jpg","type":"image\/jpeg"}],"twitter_card":"summary_large_image","twitter_misc":{"Est. reading time":"1 minuto"},"schema":{"@context":"https:\/\/schema.org","@graph":[{"@type":"WebPage","@id":"https:\/\/comercializadoracrv.com\/?product=azulejo-ceramico-naturalstone","url":"https:\/\/comercializadoracrv.com\/?product=azulejo-ceramico-naturalstone","name":"MOSAICOS PISCINA TIPO BALI m2 - CRV Comercializadora","isPartOf":{"@id":"https:\/\/comercializadoracrv.com\/#website"},"primaryImageOfPage":{"@id":"https:\/\/comercializadoracrv.com\/?product=azulejo-ceramico-naturalstone#primaryimage"},"image":{"@id":"https:\/\/comercializadoracrv.com\/?product=azulejo-ceramico-naturalstone#primaryimage"},"thumbnailUrl":"https:\/\/comercializadoracrv.com\/wp-content\/uploads\/2024\/06\/529c05a825e3aaf179a9effb90e8c969-1.jpg","datePublished":"2024-06-29T17:05:05+00:00","dateModified":"2024-08-22T22:55:12+00:00","breadcrumb":{"@id":"https:\/\/comercializadoracrv.com\/?product=azulejo-ceramico-naturalstone#breadcrumb"},"inLanguage":"es","potentialAction":[{"@type":"ReadAction","target":["https:\/\/comercializadoracrv.com\/?product=azulejo-ceramico-naturalstone"]}]},{"@type":"ImageObject","inLanguage":"es","@id":"https:\/\/comercializadoracrv.com\/?product=azulejo-ceramico-naturalstone#primaryimage","url":"https:\/\/comercializadoracrv.com\/wp-content\/uploads\/2024\/06\/529c05a825e3aaf179a9effb90e8c969-1.jpg","contentUrl":"https:\/\/comercializadoracrv.com\/wp-content\/uploads\/2024\/06\/529c05a825e3aaf179a9effb90e8c969-1.jpg","width":563,"height":845},{"@type":"BreadcrumbList","@id":"https:\/\/comercializadoracrv.com\/?product=azulejo-ceramico-naturalstone#breadcrumb","itemListElement":[{"@type":"ListItem","position":1,"name":"Portada","item":"https:\/\/comercializadoracrv.com\/"},{"@type":"ListItem","position":2,"name":"Shop","item":"https:\/\/comercializadoracrv.com\/?page_id=8"},{"@type":"ListItem","position":3,"name":"MOSAICOS PISCINA TIPO BALI m2"}]},{"@type":"WebSite","@id":"https:\/\/comercializadoracrv.com\/#website","url":"https:\/\/comercializadoracrv.com\/","name":"CRV Comercializadora","description":"Comercializadora","potentialAction":[{"@type":"SearchAction","target":{"@type":"EntryPoint","urlTemplate":"https:\/\/comercializadoracrv.com\/?s={search_term_string}"},"query-input":"required name=search_term_string"}],"inLanguage":"es"}]}},"_links":{"self":[{"href":"https:\/\/comercializadoracrv.com\/index.php?rest_route=\/wp\/v2\/product\/5674","targetHints":{"allow":["GET"]}}],"collection":[{"href":"https:\/\/comercializadoracrv.com\/index.php?rest_route=\/wp\/v2\/product"}],"about":[{"href":"https:\/\/comercializadoracrv.com\/index.php?rest_route=\/wp\/v2\/types\/product"}],"replies":[{"embeddable":true,"href":"https:\/\/comercializadoracrv.com\/index.php?rest_route=%2Fwp%2Fv2%2Fcomments&post=5674"}],"version-history":[{"count":7,"href":"https:\/\/comercializadoracrv.com\/index.php?rest_route=\/wp\/v2\/product\/5674\/revisions"}],"predecessor-version":[{"id":6099,"href":"https:\/\/comercializadoracrv.com\/index.php?rest_route=\/wp\/v2\/product\/5674\/revisions\/6099"}],"wp:featuredmedia":[{"embeddable":true,"href":"https:\/\/comercializadoracrv.com\/index.php?rest_route=\/wp\/v2\/media\/5813"}],"wp:attachment":[{"href":"https:\/\/comercializadoracrv.com\/index.php?rest_route=%2Fwp%2Fv2%2Fmedia&parent=5674"}],"wp:term":[{"taxonomy":"product_cat","embeddable":true,"href":"https:\/\/comercializadoracrv.com\/index.php?rest_route=%2Fwp%2Fv2%2Fproduct_cat&post=5674"},{"taxonomy":"product_tag","embeddable":true,"href":"https:\/\/comercializadoracrv.com\/index.php?rest_route=%2Fwp%2Fv2%2Fproduct_tag&post=5674"}],"curies":[{"name":"wp","href":"https:\/\/api.w.org\/{rel}","templated":true}]}}